u be (-1)/4 - (-7 - 43614/24). Let d = -88 + u. What are the prime factors of d?
2, 7, 31
Let f = -1489 - -10636. List the prime factors of f.
3, 3049
Let s(m) = -2*m - 9. Let i be s(-5). Let w be 4 + 4/2 + (-1)/i. Suppose -5*t + 304 = 4*j, -5*j - 212 = 2*t - w*t. List the prime factors of t.
2
Let i = 162 + -160. Suppose i*x - 11664 = -14*x. What are the prime factors of x?
3
Let p = -231 + 233. Suppose 2*d + 78 = p*u - 0*u, 2*d = 4*u - 164. List the prime factors of u.
43
Suppose -2*x = 23*u - 27*u + 245514, -2*u = 3*x - 122745. What are the prime factors of u?
3, 41, 499
Let b(h) = -h**2 - 6*h + 9. Let k be b(1). Suppose -w - 3*w = -20. Suppose 3*y - y = -k*n + 442, w*y - 5*n - 1085 = 0. What are the prime factors of y?
3, 73
Let l = 41 + -37. Suppose -f = f + l. Let i(q) = 11*q**2 + 3*q - 1. What are the prime factors of i(f)?
37
Let x(n) = 178*n**2 - n. Let w be x(2). Let m(b) = b**3 + 26*b**2 + 127*b + 465. Let d be m(-21). Suppose -d*g - 2*g + w = 0. What are the prime factors of g?
2, 71
Suppose 2*u - 59892 = -j, -5*u - 8*j + 119748 = -u. What are the prime factors of u?
3, 67, 149
Suppose 0 = 2*w - 2*r - 11006 - 1006, -15 = 5*r. What are the prime factors of w?
3, 23, 29
Suppose 5*p = -5*a + 530, 0*a - 2*a + 3*p + 217 = 0. Suppose -2*u - i + a = 0, 2*u - 8*i + 3*i - 77 = 0. List the prime factors of u.
3, 17
Let z(r) = 41*r + 1. Let d(v) = -v**3 + 6*v**2 + 3. Let l(y) = -y**2 - y. Let g(n) = d(n) + 3*l(n). Let w be g(2). List the prime factors of z(w).
2, 3, 7
Suppose 20*n - 21577 = 3*n + 70665. List the prime factors of n.
2, 2713
List the prime factors of ((-65)/25)/((-4)/15)*(-75800)/(-75).
2, 13, 379
Let g = -107 + 276. Suppose g*b - 173*b = -560. List the prime factors of b.
2, 5, 7
Suppose 18 = 4*i + 90. Let b be i/6 + (1 - -4). Suppose -b*w = -118 + 22. What are the prime factors of w?
2, 3
Suppose -122 = -4*m - 966. Let c = m + 447. What are the prime factors of c?
2, 59
Suppose -4*b + 2 = -o - 4*o, o + 5*b - 17 = 0. Suppose -k + 5*y = -507, -o*k + 555 + 429 = 5*y. List the prime factors of k.
7, 71
Let g be (-24)/324*-117 + 1/3. Suppose g*d - 11141 - 559 = 0. What are the prime factors of d?
2, 5, 13
Suppose -5*r + 40 = -120. Suppose -a + r = 7*a. Suppose 5*u - k + 281 = 672, 4*k + 300 = a*u. List the prime factors of u.
79
Let u be ((-12278)/(-8))/((-24)/(-96)). Suppose 15*y = 13946 + u. List the prime factors of y.
13, 103
Let f(a) = 3*a**2 + 18*a + 1724. What are the prime factors of f(-49)?
5, 1609
Suppose 0 = 38*i - 65*i + 32130. List the prime factors of i.
2, 5, 7, 17
Let d = -7196 - -12178. List the prime factors of d.
2, 47, 53
Suppose -4 = 4*w - 6*w. Suppose 683 = w*p - k - 2*k, -p + 5*k + 345 = 0. What are the prime factors of p?
2, 5, 17
Let k = -114 - -207. Let h = 89 - 140. Let w = h + k. List the prime factors of w.
2, 3, 7
Suppose 5*r - 836 = -861, c - 3*r = 18. Let h be -1 - (2 + -1)*-1. Suppose -c*b = 2*z - 131, 5*b + 5*z - 3*z - 213 = h. What are the prime factors of b?
41
Let u be (12/9)/(2/303). Suppose 7*c = 106 + u. Suppose -c = -2*a - 2*p, 42 + 40 = 5*a - 2*p. What are the prime factors of a?
2, 3
Suppose 0 = -3*t + p + 28277, 9423 = 16*t - 15*t + p. List the prime factors of t.
5, 13, 29
Let a(n) = -641*n + 5684. List the prime factors of a(-7).
7, 1453
Let a = -32 + 14. Let f be 2/a*-6*102. Let h = -28 + f. What are the prime factors of h?
2, 5
Let l be 1/(1/7) + -2. Suppose 2 + 15 = 4*k + 5*d, -5*d + 9 = 3*k. Suppose -10*n = -k*n - l*z - 405, -3*n + 575 = -z. What are the prime factors of n?
2, 5, 19
Let m(v) = 4*v**2 + 25*v + 54. What are the prime factors of m(-15)?
3, 193
Let z(r) = -6*r - 12*r**2 - 38 + 9*r**2 + 4*r**2. List the prime factors of z(21).
277
Suppose -2*i = -464*l + 469*l - 448134, 3*i = -9. List the prime factors of l.
2, 3, 7, 11, 97
Let o = -6 + 9. Suppose -c - 33 = -o*p - 4*c, -3*c + 6 = 0. Suppose -p*q - 126 = -684. List the prime factors of q.
2, 31
Let a(h) = h**2 - 37*h - 688. What are the prime factors of a(-19)?
2, 47
Let x(s) = -8*s**3 + 2*s**2 - 8*s + 12. Let i be x(-5). Suppose 2*l - 509 - 585 = -o, 3*o + i = 2*l. What are the prime factors of l?
2, 137
Let k(x) = -x + 8. Let d be k(-2). Let t(a) = -a**3 - 2*a**2 + 10 - 10 + d. List the prime factors of t(-3).
19
List the prime factors of 978/489 - (-1829)/(-2)*-8.
2, 3659
Suppose -4*r - 5 = -9*r. Let m(d) = d**3 - d - 3*d + 13*d**2 + r + 3*d - 3*d. List the prime factors of m(-13).
53
Let h(s) = -38*s + 59. Let i be h(24). Let j = -583 - i. Suppose -4*b + 3*l + j = l, 0 = 4*b - 5*l - 267. What are the prime factors of b?
2, 17
Suppose 2*x - 32 = 4*b, 5*x + 5*b = -0*b + 50. What are the prime factors of (441/(-28))/((-1)/x)?
3, 7
Suppose 0 = 23*b - 277027 - 26481. What are the prime factors of b?
2, 3299
Suppose -c = -5*w + 5226, 2*w - 5*c + c = 2094. Let v = -580 + w. List the prime factors of v.
3, 5, 31
Let s = 48 + -46. Let g(i) = 2*i**2 - 4*i + 3. Let z be g(s). Suppose -b - 2*t - z*t - 3 = 0, 3*t = -12. List the prime factors of b.
17
Let v = 70 - 67. Suppose -3*q - v*y = 2*y - 7, -50 = 5*q - 4*y. List the prime factors of q/4 + 1398/12 + 3.
2, 59
Let j(v) = -7*v - 84. Let x(b) = 3*b + 42. Let h(t) = 3*j(t) + 5*x(t). Let p be h(-7). List the prime factors of (1 - -1)*102/4 + p.
3, 17
Let c = -9 + 16. Suppose -353 + 87 = -c*d. Suppose -s + d = i, -5*s - 47 = -i - 3*s. What are the prime factors of i?
41
Let a(p) = -p**3 - 44*p**2 + 357*p + 53. What are the prime factors of a(-55)?
13693
Let y = 14015 + 2479. What are the prime factors of y?
2, 3, 2749
Let x(l) = -l**2 - 4*l - 1. Let j be x(3). Let r = j - 3. Let d = r - -57. List the prime factors of d.
2
Suppose 5*m + 4*q = 6401 - 699, 3*q = -m + 1136. Suppose -5*s + h + m = -2*s, -4*h + 1162 = 3*s. List the prime factors of s.
2, 191
Suppose 258*y + 22659 = 279*y. What are the prime factors of y?
13, 83
Let l(m) = -14 + 24 - 8*m - m**2 - 21. Let d be l(-6). What are the prime factors of (d - 5) + 2550/17?
2, 73
Let v be 1*(-2 - 2/(-1)) - 114. Let l = 169 + v. Suppose -s = -5*u - 18 + l, 0 = 5*u + 3*s - 49. List the prime factors of u.
2
Let t be 1/(-5) + (-222)/(-10). Suppose 7*v = 5*v + t. Suppose -6*p = -79 - v. What are the prime factors of p?
3, 5
Let g = 15414 + -7886. List the prime factors of g.
2, 941
Let g = -3232 - -4216. What are the prime factors of g?
2, 3, 41
What are the prime factors of (-84)/2*(-8490)/45?
2, 7, 283
Let z = 8533 + 5148. What are the prime factors of z?
13681
Suppose 3*u + 19 - 73 = z, -4*z + u - 238 = 0. Let l = -46 - z. Suppose 8 = 15*q - l*q. What are the prime factors of q?
2
Let l = 24937 - -482. What are the prime factors of l?
3, 37, 229
Let x(n) = 8*n**2 - 55*n + 172. What are the prime factors of x(-16)?
2, 5, 31
Let q(b) = b**3 - 94*b**2 + 183*b + 208. List the prime factors of q(94).
2, 5, 1741
Suppose 11*z + 12 = 56. Let w(c) = 4*c**2 - 12*c - 4. Let v be w(z). Suppose -239 = -5*b + 3*l, 0 = 4*b - 17*l + v*l - 186. List the prime factors of b.
7
Let d(g) = 14136*g**2 + 242*g. What are the prime factors of d(-1)?
2, 6947
Let h(w) = -2504*w - 482. List the prime factors of h(-4).
2, 3, 7, 227
Let x(u) = 429*u**2 - 185*u + 7. What are the prime factors of x(8)?
3, 2887
Let k(d) = 6*d**3 - 18*d**2 + 46*d - 1. Let m(z) = -7*z**3 + 19*z**2 - 45*z. Let r(x) = 6*k(x) + 5*m(x). What are the prime factors of r(11)?
313
What are the prime factors of (16237/4)/(28/(-672)*-6)?
13, 1249
Suppose -5*u + 11 = -24. Suppose -u*g + 16 = -12. List the prime factors of (-8)/g*-33 + -4.
2, 31
Suppose -3*v + 1250 = 5*i, -4*i + 983 = -3*v + 2*v. Suppose 59 - 773 = -3*r + 3*y, -r - 2*y = -i. List the prime factors of r.
241
Let y(a) = a**2 - 14*a + 7. Suppose 9*p + 13 + 23 = 0. Let h = 20 + p. List the prime factors of y(h).
3, 13
Suppose -40 = -6*f - 586. Let r = f + 93. Suppose 236 = r*t - 0*t. What are the prime factors of t?
2, 59
Let v be 87/12 + (-2)/8. Let f be (-9)/3 - 231/v. Let d = 113 + f. What are the prime factors of d?
7, 11
Let p(w) = -13*w**2 - 1. Let k be p(-1). Let r be ((-12)/k)/(1/7). Suppose -3*a = -r*a + 258. What are the prime factors of a?
2, 43
Let s(w) = -31*w - 112. Let t be s(-4). What are the prime factors of -2*(-2)/t - 5968/(-24)?
3, 83
Let r = -652 + 2006. Let i = -953 + r. What are the prime factors of i?
4